{"id":97,"date":"2026-01-28T20:37:39","date_gmt":"2026-01-28T20:37:39","guid":{"rendered":"https:\/\/playground.fas-gp.de\/?page_id=97"},"modified":"2026-01-28T20:37:39","modified_gmt":"2026-01-28T20:37:39","slug":"kooperationen","status":"publish","type":"page","link":"https:\/\/www.lena-gp.de\/?page_id=97","title":{"rendered":"Kooperationen"},"content":{"rendered":"\n<p>Kooperationen mit anderen Bildungseinrichtungen, Verb\u00e4nden, Vereinen, Firmen und Privatpersonen sehen wir als eine Bereicherung unseres Schullebens und wertvolle Ressource f\u00fcr das Lernen im Leben. Dabei streben wir eine breit gef\u00e4cherte Vernetzung mit \u00f6rtlichen, regionalen und \u00fcberregionalen Partnern an.<\/p>\n\n\n\n<hr class=\"wp-block-separator has-alpha-channel-opacity\"\/>\n\n\n\n<h2 class=\"wp-block-heading\">BioBeo (Universit\u00e4t Hohenheim)<\/h2>\n\n\n\n<p>BioBeo&nbsp;ist ein EU-Projekt mit 15 Partnern, das sich zum Ziel gesetzt hat, ein Bildungsprogramm f\u00fcr Schulen zu entwickeln und umzusetzen, um das gesellschaftliche Engagement in Bezug auf Lebensstil, Kreislaufwirtschaft und Bio\u00f6konomie zu st\u00e4rken.<\/p>\n\n\n\n<p>Als Kooperationspartner&nbsp;im EU-Projekt <a href=\"https:\/\/www.biobeo.eu\/\" target=\"_blank\" rel=\"noreferrer noopener\">BioBeo<\/a> legen wir gro\u00dfen Wert auf eine \u00f6kologisch nachhaltige und sozial gerechte Umsetzung der Bio\u00f6konomie.<br><br>Es ist unser gemeinsames Ziel, bereits bei den Kindern ein Verst\u00e4ndnis und Kompetenzen in Bezug auf kreislauforientierte und ressourcenschonende Zusammenh\u00e4nge aufzubauen. Dies muss in einem realweltlichen Kontext geschehen, um an die Erfahrungen und die Lebenswelt der Kinder anzukn\u00fcpfen.<br><br>Die enge Zusammenarbeit mit der Universit\u00e4t Hohenheim und den anderen Projektpartnern erm\u00f6glicht uns tiefe Einblicke in die aktuellen wissenschaftlichen Verfahren und Fortschritte im bio\u00f6konomischen Bereich. In Kooperation werden bio\u00f6konomische Themen f\u00fcr den Grundschulbereich eruiert, methodisch-didaktisch aufbereitet und ein Schulcurriculum \u201eNachhaltige Bio\u00f6konomie im Grundschulbereich\u201c erarbeitet, welches an der <strong>LeNa als Pilotschule<\/strong> umgesetzt wird.<\/p>\n\n\n\n<hr class=\"wp-block-separator has-alpha-channel-opacity\"\/>\n\n\n\n<h2 class=\"wp-block-heading\">Freie Montessori- &amp; Naturschule Winnenden \u2013 MoNa<\/h2>\n\n\n\n<p>Die MoNa ist eine junge Schule in freier Tr\u00e4gerschaft in Winnenden. Nach den Grunds\u00e4tzen der Montessori-P\u00e4dagogik, der Naturp\u00e4dagogik und der Tiergest\u00fctzten P\u00e4dagogik wird in einer jahrgangsgemischten Gruppe gearbeitet und gelernt. Dabei steht die&nbsp;individuelle, wertsch\u00e4tzende und achtsame Begleitung der Kinder&nbsp;im Mittelpunkt der p\u00e4dagogischen Arbeit.<\/p>\n\n\n\n<p>Wir stehen in engem Austausch mit der <a href=\"https:\/\/montessori-naturschule.jimdosite.com\/\" target=\"_blank\" rel=\"noreferrer noopener\">MoNa <\/a>und streben sowohl gemeinsame Exkursionen, Projekte und Themenabende als auch Materialaustausch und gegenseitige Hospitationen an.<\/p>\n\n\n\n<hr class=\"wp-block-separator has-alpha-channel-opacity\"\/>\n\n\n\n<h2 class=\"wp-block-heading\">Bundesverband der Freien Alternativschulen<\/h2>\n\n\n\n<p>&#8222;Der Bundesverband der Freien Alternativschulen e.V. (BFAS) ist ein Zusammenschluss von \u00fcber 150 Freien Alternativschulen und Gr\u00fcndungsinitiativen in Deutschland, deren Basis&nbsp;selbstbestimmtes Lernen, demokratische Mitbestimmung und gegenseitiger Respekt ist. Der Verband ber\u00e4t Schulprojekte in der Gr\u00fcndungsphase, unterst\u00fctzt sie im laufenden Betrieb, f\u00f6rdert den Austausch der Schulen untereinander und engagiert sich in der bundespolitischen Bildungsdebatte.&#8220;<\/p>\n\n\n\n<p>Die LeNa ist&nbsp;als vorl\u00e4ufiges Mitglied im <a href=\"https:\/\/www.freie-alternativschulen.de\/\" target=\"_blank\" rel=\"noreferrer noopener\">Bundesverband der Freien Alternativschulen<\/a> (BFAS) aufgenommen, deren Thesen und Resolutionen wir zustimmen.<\/p>\n","protected":false},"excerpt":{"rendered":"<p>Kooperationen mit anderen Bildungseinrichtungen, Verb\u00e4nden, Vereinen, Firmen und Privatpersonen sehen wir als eine Bereicherung unseres Schullebens und wertvolle Ressource f\u00fcr das Lernen im Leben. Dabei streben wir eine breit gef\u00e4cherte Vernetzung mit \u00f6rtlichen, regionalen und \u00fcberregionalen Partnern an. BioBeo (Universit\u00e4t Hohenheim) BioBeo&nbsp;ist ein EU-Projekt mit 15 Partnern, das sich zum Ziel gesetzt hat, ein Bildungsprogramm [&hellip;]<\/p>\n","protected":false},"author":1,"featured_media":0,"parent":0,"menu_order":0,"comment_status":"closed","ping_status":"closed","template":"","meta":{"footnotes":""},"class_list":["post-97","page","type-page","status-publish","hentry"],"_links":{"self":[{"href":"https:\/\/www.lena-gp.de\/index.php?rest_route=\/wp\/v2\/pages\/97","targetHints":{"allow":["GET"]}}],"collection":[{"href":"https:\/\/www.lena-gp.de\/index.php?rest_route=\/wp\/v2\/pages"}],"about":[{"href":"https:\/\/www.lena-gp.de\/index.php?rest_route=\/wp\/v2\/types\/page"}],"author":[{"embeddable":true,"href":"https:\/\/www.lena-gp.de\/index.php?rest_route=\/wp\/v2\/users\/1"}],"replies":[{"embeddable":true,"href":"https:\/\/www.lena-gp.de\/index.php?rest_route=%2Fwp%2Fv2%2Fcomments&post=97"}],"version-history":[{"count":2,"href":"https:\/\/www.lena-gp.de\/index.php?rest_route=\/wp\/v2\/pages\/97\/revisions"}],"predecessor-version":[{"id":116,"href":"https:\/\/www.lena-gp.de\/index.php?rest_route=\/wp\/v2\/pages\/97\/revisions\/116"}],"wp:attachment":[{"href":"https:\/\/www.lena-gp.de\/index.php?rest_route=%2Fwp%2Fv2%2Fmedia&parent=97"}],"curies":[{"name":"wp","href":"https:\/\/api.w.org\/{rel}","templated":true}]}}