{"id":80,"date":"2026-01-25T21:51:46","date_gmt":"2026-01-25T21:51:46","guid":{"rendered":"https:\/\/playground.fas-gp.de\/?page_id=80"},"modified":"2026-01-25T21:51:46","modified_gmt":"2026-01-25T21:51:46","slug":"unser-gruendungsteam","status":"publish","type":"page","link":"https:\/\/www.lena-gp.de\/?page_id=80","title":{"rendered":"Unser Gr\u00fcndungsteam"},"content":{"rendered":"\n<div class=\"wp-block-columns is-layout-flex wp-container-core-columns-is-layout-28f84493 wp-block-columns-is-layout-flex\">\n<div class=\"wp-block-column is-layout-flow wp-block-column-is-layout-flow\" style=\"flex-basis:33.33%\">\n<figure class=\"wp-block-image size-full is-style-shadow-light\"><img loading=\"lazy\" decoding=\"async\" width=\"480\" height=\"784\" src=\"https:\/\/playground.fas-gp.de\/wp-content\/uploads\/2026\/01\/Gruender.jpg\" alt=\"\" class=\"wp-image-38\" srcset=\"https:\/\/www.lena-gp.de\/wp-content\/uploads\/2026\/01\/Gruender.jpg 480w, https:\/\/www.lena-gp.de\/wp-content\/uploads\/2026\/01\/Gruender-184x300.jpg 184w\" sizes=\"auto, (max-width: 480px) 100vw, 480px\" \/><\/figure>\n<\/div>\n\n\n\n<div class=\"wp-block-column is-layout-flow wp-block-column-is-layout-flow\" style=\"flex-basis:66.66%\">\n<p>Den ersten Schritt auf unserem Weg zur Schulgr\u00fcndung haben wir zu zweit gemeistert. Nach monatelanger intensiver Arbeit am p\u00e4dagogischen Konzept der LeNa haben wir dieses am 09.08.2023 beim Regierungspr\u00e4sidium Stuttgart eingereicht.<\/p>\n\n\n\n<p>M\u00f6chtest&nbsp;du&nbsp;uns&nbsp;unterst\u00fctzen? Dann schau&nbsp;dir&nbsp;die verschiedenen <a href=\"https:\/\/www.lena-gp.de\/Unterst\u00fctzen\/\"><strong>M\u00f6glichkeiten <\/strong><\/a>an oder melde dich&nbsp;direkt bei <strong><a href=\"https:\/\/playground.fas-gp.de\/?page_id=34\" data-type=\"page\" data-id=\"34\">uns<\/a><\/strong>.&nbsp;<\/p>\n<\/div>\n<\/div>\n","protected":false},"excerpt":{"rendered":"<p>Den ersten Schritt auf unserem Weg zur Schulgr\u00fcndung haben wir zu zweit gemeistert. Nach monatelanger intensiver Arbeit am p\u00e4dagogischen Konzept der LeNa haben wir dieses am 09.08.2023 beim Regierungspr\u00e4sidium Stuttgart eingereicht. M\u00f6chtest&nbsp;du&nbsp;uns&nbsp;unterst\u00fctzen? Dann schau&nbsp;dir&nbsp;die verschiedenen M\u00f6glichkeiten an oder melde dich&nbsp;direkt bei uns.&nbsp;<\/p>\n","protected":false},"author":1,"featured_media":0,"parent":0,"menu_order":0,"comment_status":"closed","ping_status":"closed","template":"","meta":{"footnotes":""},"class_list":["post-80","page","type-page","status-publish","hentry"],"_links":{"self":[{"href":"https:\/\/www.lena-gp.de\/index.php?rest_route=\/wp\/v2\/pages\/80","targetHints":{"allow":["GET"]}}],"collection":[{"href":"https:\/\/www.lena-gp.de\/index.php?rest_route=\/wp\/v2\/pages"}],"about":[{"href":"https:\/\/www.lena-gp.de\/index.php?rest_route=\/wp\/v2\/types\/page"}],"author":[{"embeddable":true,"href":"https:\/\/www.lena-gp.de\/index.php?rest_route=\/wp\/v2\/users\/1"}],"replies":[{"embeddable":true,"href":"https:\/\/www.lena-gp.de\/index.php?rest_route=%2Fwp%2Fv2%2Fcomments&post=80"}],"version-history":[{"count":1,"href":"https:\/\/www.lena-gp.de\/index.php?rest_route=\/wp\/v2\/pages\/80\/revisions"}],"predecessor-version":[{"id":81,"href":"https:\/\/www.lena-gp.de\/index.php?rest_route=\/wp\/v2\/pages\/80\/revisions\/81"}],"wp:attachment":[{"href":"https:\/\/www.lena-gp.de\/index.php?rest_route=%2Fwp%2Fv2%2Fmedia&parent=80"}],"curies":[{"name":"wp","href":"https:\/\/api.w.org\/{rel}","templated":true}]}}