{"id":8,"date":"2026-01-27T21:48:58","date_gmt":"2026-01-27T21:48:58","guid":{"rendered":"https:\/\/playground.fas-gp.de\/?page_id=8"},"modified":"2026-02-02T21:35:02","modified_gmt":"2026-02-02T20:35:02","slug":"aufnahmeverfahren","status":"publish","type":"page","link":"https:\/\/www.lena-gp.de\/?page_id=8","title":{"rendered":"Aufnahmeverfahren"},"content":{"rendered":"\n<p class=\"has-abeezee-font-family\">Liebe interessierte Familien,<br>wir freuen uns, dass ihr euch f\u00fcr die&nbsp;Anmeldung eures Kindes an der LeNa interessiert!<\/p>\n\n\n\n<p class=\"has-abeezee-font-family\">Hier findet ihr den Aufnahmeprozess Schritt f\u00fcr Schritt erkl\u00e4rt:<\/p>\n\n\n\n<ul class=\"wp-block-list has-abeezee-font-family\">\n<li class=\"has-abeezee-font-family\">Es liegt uns sehr am Herzen, dass ihr euch bewusst f\u00fcr das Konzept der LeNa entscheidet. Bitte lest euch das <a href=\".\/wp-content\/uploads\/2026\/01\/270124_Kurzkonzept-LeNa-4.pdf\" target=\"_blank\" rel=\"noreferrer noopener\"><strong>Kurzkonzept<\/strong><\/a> in Ruhe durch, um zu entscheiden, ob die LeNa zu eurem Kind und eurer Vorstellung von Schule passt.<\/li>\n<\/ul>\n\n\n\n<ul class=\"wp-block-list has-abeezee-font-family\">\n<li>Um mehr \u00fcber das Leben und Lernen an der LeNa zu erfahren, nehmt bitte an einem&nbsp;<strong>Infoabend&nbsp;<\/strong>teil. Die Teilnahme ist Voraussetzung, um am Aufnahmeverfahren teilzunehmen! Wir werden rechtzeitig auf dieser Webseite ank\u00fcndigen, wenn ein Infoabend geplant ist.<\/li>\n<\/ul>\n\n\n\n<ul class=\"wp-block-list has-abeezee-font-family\">\n<li>Die <strong><a href=\".\/wp-content\/uploads\/2026\/01\/240116_LeNa_Gebuehrenordnung.pdf\" target=\"_blank\" rel=\"noreferrer noopener\">Geb\u00fchrenordnung<\/a> <\/strong>gibt euch Orientierung bei der Kalkulation des&nbsp;Schulgeldes.<\/li>\n<\/ul>\n\n\n\n<ul class=\"wp-block-list has-abeezee-font-family\">\n<li>Wenn ihr von der LeNa \u00fcberzeugt seid und ernste Absichten habt, euer Kind bei uns anzumelden, f\u00fcllt eine <strong><a href=\".\/wp-content\/uploads\/2026\/01\/Interessensbekundung-zum-Ausfuellen.pdf\" target=\"_blank\" rel=\"noreferrer noopener\">Interessensbekundung<\/a><\/strong> <a href=\"https:\/\/www.lena-gp.de\/gallery\/Interessensbekundung zum Ausf\u00fcllen.pdf\"><\/a>und den <strong><a href=\".\/wp-content\/uploads\/2026\/01\/Fragebogen-Anmeldeverfahren-2526.pdf\" target=\"_blank\" rel=\"noreferrer noopener\">Fragebogen<\/a><\/strong> <a href=\"https:\/\/www.lena-gp.de\/gallery\/Fragebogen zum Ausf\u00fcllen.pdf\" target=\"_blank\" rel=\"noreferrer noopener\"><\/a>aus.<br>Schickt die Unterlagen, unterschrieben von beiden Erziehungsberechtigten, an schulplatz@lena-gp.de oder postalisch an Lern- und Entwicklungsraum Natur e.V., Dr.-Pfeiffer-Str. 21, 73035 G\u00f6ppingen.&nbsp;<br>(Hier findest du die passende <strong><a href=\".\/wp-content\/uploads\/2026\/01\/Datenschutzerklaerung-Aufnahmeverfahren.pdf\" target=\"_blank\" rel=\"noreferrer noopener\">Datenschutzerkl\u00e4rung<\/a><\/strong>).<\/li>\n<\/ul>\n\n\n\n<ul class=\"wp-block-list has-abeezee-font-family\">\n<li>Wir treffen eine Vorauswahl und vereinbaren ein <strong>pers\u00f6nliches Gespr\u00e4ch<\/strong>, um euch besser kennenzulernen.<\/li>\n<\/ul>\n\n\n\n<ul class=\"wp-block-list has-abeezee-font-family\">\n<li>Danach f\u00e4llt die Entscheidung auf beiden Seiten. Geht unser Weg gemeinsam weiter, wird nun der <strong>Schulvertrag <\/strong>unterzeichnet. Dieser ist bindend und euch ist der Schulplatz sicher.<\/li>\n<\/ul>\n\n\n\n<ul class=\"wp-block-list has-abeezee-font-family\">\n<li>Um die ersten drei Jahre ohne finanzielle F\u00f6rderung vom Land zu meistern, ben\u00f6tigen wir einen Bankkredit, den wir \u00fcber <strong><a href=\".\/wp-content\/uploads\/2026\/01\/LeNa_Buergschaftserklaerung_GLS_2seitig.pdf\" target=\"_blank\" rel=\"noreferrer noopener\">Kleinb\u00fcrgschaften<\/a>&nbsp; <\/strong>(500\u20ac &#8211; 3000\u20ac) realisieren.<\/li>\n<\/ul>\n\n\n\n<p>Die wichtigsten Voraussetzungen f\u00fcr die Aufnahme an der LeNa sind das Vertrauen der Eltern in die Lernkompetenz des Kindes, das Vertrauen in unser p\u00e4dagogisches\u00a0Konzept\u00a0sowie die Bereitschaft zur <strong><a href=\"https:\/\/www.fas-gp.de\/?page_id=124\" data-type=\"page\" data-id=\"124\">Mitarbeit<\/a><\/strong>.<\/p>\n\n\n\n<p>Wir freuen uns auf euch und eure Kinder, die die LeNa lebendig machen!<\/p>\n","protected":false},"excerpt":{"rendered":"<p>Liebe interessierte Familien,wir freuen uns, dass ihr euch f\u00fcr die&nbsp;Anmeldung eures Kindes an der LeNa interessiert! Hier findet ihr den Aufnahmeprozess Schritt f\u00fcr Schritt erkl\u00e4rt: Die wichtigsten Voraussetzungen f\u00fcr die Aufnahme an der LeNa sind das Vertrauen der Eltern in die Lernkompetenz des Kindes, das Vertrauen in unser p\u00e4dagogisches\u00a0Konzept\u00a0sowie die Bereitschaft zur Mitarbeit. Wir freuen [&hellip;]<\/p>\n","protected":false},"author":1,"featured_media":0,"parent":0,"menu_order":0,"comment_status":"closed","ping_status":"closed","template":"","meta":{"footnotes":""},"class_list":["post-8","page","type-page","status-publish","hentry"],"_links":{"self":[{"href":"https:\/\/www.lena-gp.de\/index.php?rest_route=\/wp\/v2\/pages\/8","targetHints":{"allow":["GET"]}}],"collection":[{"href":"https:\/\/www.lena-gp.de\/index.php?rest_route=\/wp\/v2\/pages"}],"about":[{"href":"https:\/\/www.lena-gp.de\/index.php?rest_route=\/wp\/v2\/types\/page"}],"author":[{"embeddable":true,"href":"https:\/\/www.lena-gp.de\/index.php?rest_route=\/wp\/v2\/users\/1"}],"replies":[{"embeddable":true,"href":"https:\/\/www.lena-gp.de\/index.php?rest_route=%2Fwp%2Fv2%2Fcomments&post=8"}],"version-history":[{"count":4,"href":"https:\/\/www.lena-gp.de\/index.php?rest_route=\/wp\/v2\/pages\/8\/revisions"}],"predecessor-version":[{"id":150,"href":"https:\/\/www.lena-gp.de\/index.php?rest_route=\/wp\/v2\/pages\/8\/revisions\/150"}],"wp:attachment":[{"href":"https:\/\/www.lena-gp.de\/index.php?rest_route=%2Fwp%2Fv2%2Fmedia&parent=8"}],"curies":[{"name":"wp","href":"https:\/\/api.w.org\/{rel}","templated":true}]}}